{"id":11635,"date":"2015-11-30T20:53:30","date_gmt":"2015-11-30T19:53:30","guid":{"rendered":"http:\/\/denkmalpflege-lipsdorf.de\/?page_id=11635"},"modified":"2024-08-15T13:15:36","modified_gmt":"2024-08-15T11:15:36","slug":"kontakt","status":"publish","type":"page","link":"http:\/\/denkmalpflege-lipsdorf.de\/index.php\/kontakt\/","title":{"rendered":"Zur Person"},"content":{"rendered":"<div class=\"fusion-one-third one_third fusion-layout-column fusion-spacing-yes\" style=\"margin-top:0px;margin-bottom:20px;\"><div class=\"fusion-column-wrapper\"><div class=\"fusion-clearfix\"><\/div><\/div><\/div><div class=\"fusion-two-third fusion-layout-column fusion-column-last fusion-spacing-yes\" style=\"margin-top:0px;margin-bottom:20px;\"><div class=\"fusion-column-wrapper\"><h1><span style=\"color: #333399;\">Personalie<\/span><\/h1>\n<div class=\"fusion-clearfix\"><\/div><\/div><\/div><div class=\"fusion-clearfix\"><\/div><div class=\"fusion-one-third one_third fusion-layout-column fusion-spacing-yes\" style=\"margin-top:0px;margin-bottom:20px;\"><div class=\"fusion-column-wrapper\"><div class=\"fusion-person person fusion-person-left fusion-person-icon-top\"><div class=\"person-shortcode-image-wrapper\"><div class=\"person-imgage-container hover-type-none\"><img class=\"person-img img-responsive\" src=\"http:\/\/denkmalpflege-lipsdorf.de\/wp-content\/uploads\/2015\/11\/DSC_6404cvx-300x197.jpg\" \/><\/div><\/div><\/div><div class=\"fusion-clearfix\"><\/div><\/div><\/div><div class=\"fusion-two-third fusion-layout-column fusion-column-last fusion-spacing-yes\" style=\"margin-top:0px;margin-bottom:20px;\"><div class=\"fusion-column-wrapper\"><h2><\/h2>\n<h3><span style=\"color: #333399;\">Studium der Kunstgeschichte und Arch\u00e4ologie in Halle\/Saale, Abschluss: Magister Artium.<\/span><\/h3>\n<h3><span style=\"color: #333399;\">Studium PR \/Marketing. Durch die Deutsche Public Relations Gesellschaft zertifizierter PR-Berater.<\/span><\/h3>\n<h3><span style=\"color: #333399;\">1998-2001 Wissenschaftlicher Mitarbeiter beim &#8222;Brandenburgischen Landesamt f\u00fcr Denkmalpflege und Arch\u00e4ologisches Museum&#8220;<\/span><\/h3>\n<h3><span style=\"font-size: 16px; color: #333399;\">&nbsp;seit 2002 Selbst\u00e4ndigkeit, &nbsp;Gr\u00fcndung und F\u00fchrung des&nbsp; <\/span><\/h3>\n<h3 style=\"text-align: center;\"><span style=\"font-size: 16px; color: #333399;\">&#8222;B\u00fcro f\u00fcr Arch\u00e4ologie und Baudenkmalpflege&#8220;<\/span><\/h3>\n<h3><span style=\"color: #333399;\">2008 &#8211; 2012&nbsp;Gesellschafter und Gesch\u00e4ftsf\u00fchrer der &#8222;Posamenten Manufaktur Forst GmbH&#8220;; &nbsp; &nbsp; &nbsp;Goldmedaille auf der Denkmalmesse Leipzig 2010<\/span><\/h3>\n<h3><span style=\"font-size: 16px; color: #333399;\">2009 &#8211; 2014 Abgeordneter im&nbsp;Landtag Brandenburg, Vorsitzender des&nbsp;Ausschusses f\u00fcr Wissenschaft, Forschung und Kultur<\/span><\/h3>\n<h3><span style=\"font-size: 16px; color: #333399;\">2009 &#8211; 2019 Mitglied im &nbsp;<em>Landesdenkmalbeirat<\/em> <em>Brandenburg<\/em>&nbsp;<\/span><\/h3>\n<h3><span style=\"color: #333399;\">2011 &#8211; 2019 Mitglied im&nbsp;<em>P\u00fcckler-Konvent<\/em><\/span><\/h3>\n<h3><span style=\"color: #333399;\">2013 Ehrenb\u00fcrger von Batumi; Georgien<\/span><\/h3>\n<h3><span style=\"color: #333399;\">2019 &#8211; 2024 wissenschaftlicher Mitarbeiter und Kurator an der Slawenburg Raddusch<\/span><\/h3>\n<h3><span style=\"color: #333399;\">seit 2023 Vorsitzender der Niederlausitzer Gesellschaft f\u00fcr Geschichte und Landeskunde e. V.<\/span><\/h3>\n<h3><span style=\"color: #808080;\">&nbsp;<\/span><\/h3>\n<h3><span style=\"color: #808080;\">&nbsp;<\/span><\/h3>\n<h3><span style=\"color: #808080;\">&nbsp;<\/span><\/h3>\n<div class=\"fusion-clearfix\"><\/div><\/div><\/div><div class=\"fusion-clearfix\"><\/div>","protected":false},"excerpt":{"rendered":"","protected":false},"author":1,"featured_media":0,"parent":0,"menu_order":4,"comment_status":"closed","ping_status":"closed","template":"","meta":[],"_links":{"self":[{"href":"http:\/\/denkmalpflege-lipsdorf.de\/index.php\/wp-json\/wp\/v2\/pages\/11635"}],"collection":[{"href":"http:\/\/denkmalpflege-lipsdorf.de\/index.php\/wp-json\/wp\/v2\/pages"}],"about":[{"href":"http:\/\/denkmalpflege-lipsdorf.de\/index.php\/wp-json\/wp\/v2\/types\/page"}],"author":[{"embeddable":true,"href":"http:\/\/denkmalpflege-lipsdorf.de\/index.php\/wp-json\/wp\/v2\/users\/1"}],"replies":[{"embeddable":true,"href":"http:\/\/denkmalpflege-lipsdorf.de\/index.php\/wp-json\/wp\/v2\/comments?post=11635"}],"version-history":[{"count":67,"href":"http:\/\/denkmalpflege-lipsdorf.de\/index.php\/wp-json\/wp\/v2\/pages\/11635\/revisions"}],"predecessor-version":[{"id":12331,"href":"http:\/\/denkmalpflege-lipsdorf.de\/index.php\/wp-json\/wp\/v2\/pages\/11635\/revisions\/12331"}],"wp:attachment":[{"href":"http:\/\/denkmalpflege-lipsdorf.de\/index.php\/wp-json\/wp\/v2\/media?parent=11635"}],"curies":[{"name":"wp","href":"https:\/\/api.w.org\/{rel}","templated":true}]}}

<div class="fusion-one-third one_third fusion-layout-column fusion-spacing-yes" style="margin-top:0px;margin-bottom:20px;"><div class="fusion-column-wrapper"><div class="fusion-clearfix"></div></div></div><div class="fusion-two-third fusion-layout-column fusion-column-last fusion-spacing-yes" style="margin-top:0px;margin-bottom:20px;"><div class="fusion-column-wrapper"><h1><span style="color: #333399;">Personalie</span></h1>
<div class="fusion-clearfix"></div></div></div><div class="fusion-clearfix"></div><div class="fusion-one-third one_third fusion-layout-column fusion-spacing-yes" style="margin-top:0px;margin-bottom:20px;"><div class="fusion-column-wrapper"><div class="fusion-person person fusion-person-left fusion-person-icon-top"><div class="person-shortcode-image-wrapper"><div class="person-imgage-container hover-type-none"><img class="person-img img-responsive" src="http://denkmalpflege-lipsdorf.de/wp-content/uploads/2015/11/DSC_6404cvx-300x197.jpg" /></div></div></div><div class="fusion-clearfix"></div></div></div><div class="fusion-two-third fusion-layout-column fusion-column-last fusion-spacing-yes" style="margin-top:0px;margin-bottom:20px;"><div class="fusion-column-wrapper"><h2></h2>
<h3><span style="color: #333399;">Studium der Kunstgeschichte und Archäologie in Halle/Saale, Abschluss: Magister Artium.</span></h3>
<h3><span style="color: #333399;">Studium PR /Marketing. Durch die Deutsche Public Relations Gesellschaft zertifizierter PR-Berater.</span></h3>
<h3><span style="color: #333399;">1998-2001 Wissenschaftlicher Mitarbeiter beim &#8222;Brandenburgischen Landesamt für Denkmalpflege und Archäologisches Museum&#8220;</span></h3>
<h3><span style="font-size: 16px; color: #333399;">&nbsp;seit 2002 Selbständigkeit, &nbsp;Gründung und Führung des&nbsp; </span></h3>
<h3 style="text-align: center;"><span style="font-size: 16px; color: #333399;">&#8222;Büro für Archäologie und Baudenkmalpflege&#8220;</span></h3>
<h3><span style="color: #333399;">2008 &#8211; 2012&nbsp;Gesellschafter und Geschäftsführer der &#8222;Posamenten Manufaktur Forst GmbH&#8220;; &nbsp; &nbsp; &nbsp;Goldmedaille auf der Denkmalmesse Leipzig 2010</span></h3>
<h3><span style="font-size: 16px; color: #333399;">2009 &#8211; 2014 Abgeordneter im&nbsp;Landtag Brandenburg, Vorsitzender des&nbsp;Ausschusses für Wissenschaft, Forschung und Kultur</span></h3>
<h3><span style="font-size: 16px; color: #333399;">2009 &#8211; 2019 Mitglied im &nbsp;<em>Landesdenkmalbeirat</em> <em>Brandenburg</em>&nbsp;</span></h3>
<h3><span style="color: #333399;">2011 &#8211; 2019 Mitglied im&nbsp;<em>Pückler-Konvent</em></span></h3>
<h3><span style="color: #333399;">2013 Ehrenbürger von Batumi; Georgien</span></h3>
<h3><span style="color: #333399;">2019 &#8211; 2024 wissenschaftlicher Mitarbeiter und Kurator an der Slawenburg Raddusch</span></h3>
<h3><span style="color: #333399;">seit 2023 Vorsitzender der Niederlausitzer Gesellschaft für Geschichte und Landeskunde e. V.</span></h3>
<h3><span style="color: #808080;">&nbsp;</span></h3>
<h3><span style="color: #808080;">&nbsp;</span></h3>
<h3><span style="color: #808080;">&nbsp;</span></h3>
<div class="fusion-clearfix"></div></div></div><div class="fusion-clearfix"></div>
